at are the prime factors of n?
103
Let b(x) = x**2 + 6*x + 4. Let o be b(-4). Let r be 3*(416/(-6))/o. Suppose -5*f = -f - r. List the prime factors of f.
13
Let u = 10 - 12. Let d(j) = -9*j + 1. List the prime factors of d(u).
19
Suppose u - 3*s = 4, 0 = u + 5*s - 5 - 15. Let m = -11 - -8. What are the prime factors of (u/m)/((-10)/15)?
5
Suppose -4*a + 44 + 20 = 0. What are the prime factors of a?
2
Suppose -v = a - 244, 728 = -a + 4*a + 5*v. List the prime factors of a.
2, 3, 41
Let p(o) = -2*o**3 - 4*o**2 + 1. Let h be p(-4). Suppose -4*n + 9*n = h. What are the prime factors of n?
13
Let o = -1 + 3. Suppose 0 = -2*x - o, -3*x + 2*x = 5*h - 9. Suppose h*l = -0*l + 16. What are the prime factors of l?
2
Suppose 4*g - 1 = -17. Let x be 18/(-3)*(-2)/g. Let v = -1 - x. What are the prime factors of v?
2
Suppose -16*c = -11*c - 20. Suppose -98 - 38 = -c*p. What are the prime factors of p?
2, 17
Suppose 14 = -2*l + 4*n + 48, 33 = 5*l + 3*n. Suppose -2*b + l = b. List the prime factors of b.
3
Let f be ((-4)/(-3))/((-4)/(-6)). Let z be ((-8)/(-24))/(f/18). What are the prime factors of 10*1 - (-6)/z?
2, 3
Suppose 2*n + 10 - 516 = -4*l, -5*l + 631 = 2*n. What are the prime factors of l?
5
Let p = 2 - 3. Let n(o) = 16*o**2 - 6*o**2 + 0 + 1. List the prime factors of n(p).
11
List the prime factors of (-8)/60 + 544/30.
2, 3
Let i(l) = -l**2 + 6*l + 9. Let w be i(7). Suppose -w*f - f = -102. Suppose -x - x + f = 0. What are the prime factors of x?
17
Let u(h) = -3*h + 1. Let a be u(-1). Let q = a - 2. Suppose -r = q - 4. List the prime factors of r.
2
What are the prime factors of (-4 - 147)/(-2 + 1/1)?
151
Let q = 158 - 96. Let w be (-10)/20 - q/(-4). Suppose 0 = -4*z + w + 33. What are the prime factors of z?
2, 3
Let u be (-3)/(-9) - 34/3. Let f = -7 - u. List the prime factors of f.
2
Let l be -5 - (2 + -2 - 1). Let s = 21 - l. Suppose -n = 4*r - 13, -3*n - 3*r - 2*r + s = 0. List the prime factors of n.
5
Suppose f + 4 = -0. Let g = f + 6. List the prime factors of (-1)/(1/(-4)*g).
2
Suppose 4*c - c = 0. Suppose 2 = -n + 3*l - 2, 2*l - 4 = c. Suppose 0 = n*u + u - 21. List the prime factors of u.
7
Suppose -h - 4*h + 4*q + 775 = 0, 0 = q. What are the prime factors of h?
5, 31
Let g(c) = -c**2 - 8*c - 6. Let x be g(-6). Suppose 0 = 5*v + 3 + 12. Let t = v + x. List the prime factors of t.
3
Let z = 29 - 4. Suppose z + 20 = 3*m. List the prime factors of m.
3, 5
Suppose 3*c = 8*c - 15. Let d(f) = 13 - 2*f - c*f + 4*f. List the prime factors of d(10).
3
Let d = -37 + 81. What are the prime factors of (d/(-8))/(1/(-2))?
11
Suppose -2*v - 30 = -204. List the prime factors of v.
3, 29
Let v = 10 + -7. Suppose -v*c - f + 16 = 4*f, -52 = -3*c + 4*f. List the prime factors of c.
2, 3
Let s(z) = 55*z. What are the prime factors of s(1)?
5, 11
Let w = -50 + 94. Suppose 0*r - w = -4*r. What are the prime factors of r?
11
Let p = -38 - -59. List the prime factors of p.
3, 7
Let q(l) = -l**3 - 8*l**2 - 2*l + 2. Let d be q(-7). Let y = d + 63. What are the prime factors of y?
2, 3, 5
List the prime factors of 24 + (2 + 0 - 0).
2, 13
Suppose -5*d - i = 45, 3*d - 3*i + 27 = -0*i. Let o be (-2)/3 + (-42)/d. Suppose -3*t - 13 = -2*x, -5*x + 23 + o = -2*t. What are the prime factors of x?
5
Suppose 2*m = -0*m + 5*i - 3, -9 = -5*m - 4*i. Let y be m*(-1)/(2/(-12)). List the prime factors of ((-9)/y)/(3/(-32)).
2
Suppose 6*l - 20 = 2*l. Suppose 3*n + 25 = l*v, 6*v + 4*n = v - 10. Let m(s) = 3*s**2 - s + 1. List the prime factors of m(v).
11
Let q = 13 - 6. Let j = 15 - q. Let a = j + -6. What are the prime factors of a?
2
Let u(i) = -i + 2. Let f be u(-2). Suppose f*n - 4*b = b + 28, -n = -2*b - 10. Suppose -3*w + 12 = -n*w. List the prime factors of w.
2, 3
Let g(t) = 3*t + 0 - t + 8 - t. List the prime factors of g(-5).
3
Let f = -18 + 9. Let p = 55 - 36. Let n = f + p. List the prime factors of n.
2, 5
Let t(q) = q**3 - 9*q**2 + 10*q - 7. Let h(l) = l**3 - 2*l + 4. Let s be h(2). List the prime factors of t(s).
3
Suppose -21*i + 23 + 19 = 0. List the prime factors of i.
2
Suppose -h - 5*w = 0, 2*h - 16 = -h + w. List the prime factors of h.
5
List the prime factors of 14/(-35) + (-142)/(-5).
2, 7
Suppose -17*i + 22*i - 1480 = 3*l, 5*i - 1475 = 2*l. What are the prime factors of i?
293
Let l(d) = d**2 - 2*d + 2. Let t be l(2). Suppose m = -3*n + 2*m + 12, n - 17 = -4*m. Suppose -5*i - f + n = -t, 0 = 3*i + 5*f + 9. List the prime factors of i.
2
Let v be (-10)/(-2)*1*-1. Let l(q) = -2*q - 1. Let m be l(7). Let z = v - m. List the prime factors of z.
2, 5
Let h = 46 - 30. What are the prime factors of h?
2
What are the prime factors of (-1)/(-1) + 1 - -78?
2, 5
Let o(w) = w**3 - 12*w**2 - 5*w + 27. List the prime factors of o(13).
131
Let z = 35 + -22. List the prime factors of z.
13
Let y(c) = c**2 + 14*c + 23. List the prime factors of y(-23).
2, 5, 23
Let d(z) = 2*z - 3. Let i = 10 + -7. Let b be d(i). What are the prime factors of (b/(-6))/((-3)/72)?
2, 3
Let x(z) = 3*z**3 + 2*z**2 + 2*z. What are the prime factors of x(3)?
3, 5, 7
Let y = 67 + 16. List the prime factors of y.
83
Suppose -o + 67 = 3*a + 2*a, 0 = 5*a + 3*o - 71. What are the prime factors of a?
13
Let d(z) = -z - 7. Let r be d(-4). List the prime factors of -23*r/(-3)*-1.
23
Suppose t + 2*t - 2 = -y, 4*y - 4*t = 24. Suppose 24 = -w + y*w. Let g(n) = -n**2 + 6*n + 8. List the prime factors of g(w).
2
List the prime factors of 2/(6 - 4)*31.
31
Let d = -4 + 16. List the prime factors of d.
2, 3
Suppose -4*l - 3 = -11. Suppose n = -m + 2*m + 12, 5*n = -l*m + 25. What are the prime factors of n?
7
Let p(l) = -l + 16. What are the prime factors of p(-7)?
23
Suppose -4*k = -23 - 57. List the prime factors of 1/4 + 195/k.
2, 5
Let v = -74 - -154. List the prime factors of v.
2, 5
Let z = 0 + 16. Suppose 5*f + z = f. What are the prime factors of 4/(2 + f) + 5?
3
Suppose -2048 - 676 = -12*j. List the prime factors of j.
227
List the prime factors of (-5 + 8)/((-1)/(-6)).
2, 3
Suppose 2*w - 20 = 2*f, -3*f = 5*w - 3*w - 15. Suppose s = 7 - 2. Suppose -s*m + 17 + 26 = 3*t, -w = -4*t + 3*m. List the prime factors of t.
2, 3
Let h(j) = j - 6. Let w be h(6). Suppose w = 4*c + c + 65. Let y = 21 + c. List the prime factors of y.
2
Let g(a) be the second derivative of a**6/360 - a**5/20 + a**4/6 - a**3/3 - 3*a. Let u(h) be the second derivative of g(h). List the prime factors of u(8).
2, 5
Suppose 2*a - 4*n = 168, 4*a - 2*n - 331 = n. Suppose -2*q - 3*w + 48 = 0, -5*q + w = -21 - a. What are the prime factors of q?
3, 7
Let h = 37 - -33. List the prime factors of h.
2, 5, 7
Suppose -y + i - 1 = -0, i = 0. Suppose -12 = 5*f - 2. What are the prime factors of y*10*1/f?
5
Let y be 2/5 + (-46)/(-10). What are the prime factors of y - (-1 - (2 - 5))?
3
Let j = 20 + 88. Suppose -5*b = 4*i - b - 124, 3*i = 2*b + j. List the prime factors of i.
2, 17
What are the prime factors of 7012/36 + (-8)/(-36)?
3, 5, 13
Let j(q) be the third derivative of -q**4/12 + 11*q**3/6 + 8*q**2. What are the prime factors of j(0)?
11
What are the prime factors of -1 + 6/4 - (-1710)/20?
2, 43
Suppose l - 95 = -4*l - 2*r, -3*l + 73 = -2*r. What are the prime factors of l?
3, 7
Suppose 4*n - 15 = -n. Suppose -n*i + 87 = -3. List the prime factors of i.
2, 3, 5
Suppose 0 = -v + 3*b + 3 + 2, -2*v - 4*b + 20 = 0. Let u be (14 - 2)*v/6. Suppose 5*m = n + u, -m - n + 4 = -4. List the prime factors of m.
2
Let b(s) = 17*s**3 - 2*s**2 + s. Let c be b(1). Suppose -3*m + c = -11. List the prime factors of m.
3
Suppose 1 = f - 12. Suppose -5*m + 0*m = -20, 4*m - f = p. What are the prime factors of p?
3
Suppose -110*y + 206 = -109*y. What are the prime factors of y?
2, 103
Let p = 7 - 3. Let k(f) = 5*f**2 - 2. Let v be k(5). What are the prime factors of p/(-6) - v/(-9)?
13
Suppose 5*j + 7 = 4*c, c + 0*c = -2. List the prime factors of (j/(-1) - 9)/(-1).
2, 3
What are the prime factors of (-3)/(12/(-652)) - 5?
2, 79
Suppose 0 = 4*q - 190 - 38. List the prime factors of q.
3, 19
Let a(w) = 7*w - 3. Let l(g) = g - 8. Let s be l(11). List the prime factors of a(s).
2, 3
Let f(h) = -2*h**3 - 2*h**2 - 3*h - 2. Let t = -13 - -11. What are the prime factors of f(t)?
2, 3
Suppose -5*g = 211 + 34. Let o = -31 - g. List the prime factors of o.
2, 3
Let t be 